ide 5343300?
True
Does 89 divide 32485?
True
Does 1276 divide 1024628?
True
Does 2 divide 2807?
False
Is 35029774 a multiple of 226?
True
Is 325 a factor of 48473?
False
Does 684 divide 1531476?
True
Does 21 divide 141141?
True
Is 9 a factor of 1018053?
True
Is 748910 a multiple of 50?
False
Is 76 a factor of 1534316?
False
Is 190872 a multiple of 22?
True
Does 45 divide 189386?
False
Is 7 a factor of 309627?
False
Is 8 a factor of 109943?
False
Does 17 divide 957661?
True
Does 19 divide 218139?
True
Does 138 divide 1142957?
False
Is 6 a factor of 697488?
True
Does 6 divide 3661200?
True
Is 172 a factor of 7399272?
False
Does 26 divide 521456?
True
Is 6 a factor of 14331?
False
Is 58332 a multiple of 4?
True
Is 21 a factor of 1488333?
True
Is 296897 a multiple of 10?
False
Does 9 divide 1672952?
False
Is 224679 a multiple of 3?
True
Does 17 divide 337246?
True
Is 1293182 a multiple of 51?
False
Is 615859 a multiple of 14?
False
Is 20688129 a multiple of 1766?
False
Does 137 divide 132643?
False
Is 41 a factor of 6126302?
True
Does 3 divide 389990?
False
Is 212790 a multiple of 123?
True
Is 3 a factor of 79116?
True
Does 108 divide 1360368?
True
Is 470 a factor of 8471750?
True
Is 413 a factor of 22444776?
False
Does 108 divide 177120?
True
Is 36 a factor of 3300228?
True
Is 54 a factor of 149526?
True
Is 38381 a multiple of 16?
False
Is 1032712 a multiple of 117?
False
Is 4068276 a multiple of 747?
False
Is 1611 a factor of 10920731?
False
Is 23 a factor of 3353492?
True
Does 15 divide 19923081?
False
Is 206777 a multiple of 19?
True
Does 106 divide 284146?
False
Is 51430 a multiple of 5?
True
Is 475 a factor of 127488?
False
Does 29 divide 1639579?
False
Is 421022 a multiple of 36?
False
Is 2906668 a multiple of 47?
True
Does 14 divide 53835?
False
Is 48 a factor of 1163327?
False
Is 6 a factor of 20034?
True
Is 118 a factor of 2223120?
True
Is 187668 a multiple of 78?
True
Does 68 divide 263487?
False
Is 114 a factor of 895971?
False
Is 535709 a multiple of 210?
False
Is 73565 a multiple of 19?
False
Is 944 a factor of 6651450?
False
Is 170 a factor of 98996?
False
Does 13 divide 316939?
False
Is 164130 a multiple of 23?
False
Is 375465 a multiple of 5?
True
Is 70 a factor of 162750?
True
Is 66 a factor of 214068?
False
Is 1470342 a multiple of 139?
True
Does 107 divide 3370439?
False
Is 21665 a multiple of 6?
False
Is 442104 a multiple of 6?
True
Does 489 divide 2916814?
False
Is 181 a factor of 1072787?
True
Does 241 divide 100015?
True
Is 181170 a multiple of 6?
True
Is 31344 a multiple of 12?
True
Is 36 a factor of 3769704?
True
Is 707390 a multiple of 33?
False
Does 48 divide 6747687?
False
Is 1806546 a multiple of 11?
False
Does 40 divide 36080?
True
Is 5610390 a multiple of 705?
True
Does 1035 divide 1720770?
False
Is 4 a factor of 1274937?
False
Does 19 divide 68844?
False
Is 31061 a multiple of 625?
False
Is 74 a factor of 1152624?
True
Is 2707956 a multiple of 640?
False
Does 8 divide 2568325?
False
Is 477000 a multiple of 72?
True
Does 72 divide 971640?
True
Is 2550933 a multiple of 16?
False
Is 127 a factor of 123981?
False
Is 11 a factor of 201652?
True
Is 62604 a multiple of 37?
True
Is 8 a factor of 12168?
True
Is 17 a factor of 57111?
False
Is 8 a factor of 67586?
False
Is 3 a factor of 53949?
True
Does 19 divide 1170514?
True
Is 8262 a multiple of 18?
True
Does 80 divide 171895?
False
Does 131 divide 61480?
False
Does 13 divide 620724?
True
Is 262 a factor of 7818080?
True
Is 54858 a multiple of 18?
False
Is 973972 a multiple of 46?
False
Is 3458560 a multiple of 560?
True
Is 229 a factor of 897387?
False
Does 70 divide 68530?
True
Is 255852 a multiple of 46?
True
Is 8 a factor of 863322?
False
Is 431 a factor of 2798052?
True
Does 34 divide 5260310?
True
Is 4515332 a multiple of 18?
False
Is 9 a factor of 362396?
False
Does 287 divide 1559820?
False
Is 28946 a multiple of 41?
True
Is 2520 a multiple of 9?
True
Is 103 a factor of 8215692?
True
Is 567702 a multiple of 29?
False
Is 529 a factor of 842697?
True
Is 1727460 a multiple of 378?
True
Is 3 a factor of 1106291?
False
Does 348 divide 2686908?
True
Is 1235 a factor of 6627837?
False
Does 37 divide 80736?
False
Does 294 divide 1603182?
True
Is 26862277 a multiple of 50?
False
Does 31 divide 3562675?
True
Does 21 divide 107819?
False
Does 6 divide 47496?
True
Is 46 a factor of 7195550?
True
Does 6 divide 17166?
True
Is 396 a factor of 1935430?
False
Is 25 a factor of 24775?
True
Is 21131 a multiple of 10?
False
Is 23432545 a multiple of 295?
False
Does 3 divide 3949?
False
Is 2179604 a multiple of 482?
True
Is 724 a factor of 3860980?
False
Is 50 a factor of 6130184?
False
Is 1726125 a multiple of 302?
False
Is 8 a factor of 3915840?
True
Is 60306 a multiple of 8?
False
Is 19 a factor of 109387?
False
Is 6259512 a multiple of 444?
True
Is 1193790 a multiple of 195?
True
Does 5 divide 696882?
False
Is 821173 a multiple of 45?
False
Is 16 a factor of 1158784?
True
Does 8 divide 13528?
True
Does 26 divide 4613?
False
Does 616 divide 15045661?
False
Is 10 a factor of 2792645?
False
Is 4 a factor of 23664?
True
Does 331 divide 2464719?
False
Does 347 divide 47091?
False
Does 911 divide 7959938?
False
Is 2215 a multiple of 443?
True
Is 663 a factor of 8486400?
True
Does 179 divide 288548?
True
Does 5 divide 78412?
False
Is 681561 a multiple of 9?
True
Is 1777136 a multiple of 55?
False
Does 12 divide 1081584?
True
Is 954341 a multiple of 109?
False
Is 18144 a multiple of 3?
True
Does 20 divide 1326851?
False
Is 8330802 a multiple of 11?
False
Is 512118 a multiple of 207?
True
Does 3 divide 538667?
False
Does 8 divide 51632?
True
Is 20468 a multiple of 7?
True
Does 34 divide 1022052?
False
Is 56856 a multiple of 15?
False
Is 97658 a multiple of 8?
False
Is 7 a factor of 73826?
False
Is 10 a factor of 91990?
True
Is 6 a factor of 117393?
False
Does 211 divide 2049443?
True
Is 121669 a multiple of 210?
False
Does 9 divide 87549?
False
Is 8283 a multiple of 233?
False
Is 433 a factor of 1154082?
False
Does 2 divide 2292178?
True
Is 657804 a multiple of 287?
True
Is 281366 a multiple of 105?
False
Is 433 a factor of 282731?
False
Does 5 divide 82310?
True
Does 21 divide 72902?
False
Is 143 a factor of 24081629?
True
Is 9604746 a multiple of 873?
True
Is 35 a factor of 2527043?
False
Is 11348150 a multiple of 10?
True
Is 59 a factor of 1572359?
False
Does 1128 divide 1680639?
False
Does 648 divide 9882648?
True
Is 783954 a multiple of 449?
True
Does 10 divide 445481?
False
Does 59 divide 448754?
True
Is 493 a factor of 6128483?
True
Does 26 divide 277593?
False
Is 16 a factor of 709643?
False
Does 26 divide 60658?
True
Is 8 a factor of 9782248?
True
Is 17010 a multiple of 45?
True
Does 43 divide 4777396?
False
Does 216 divide 1077192?
True
Does 30 divide 8865101?
False
Is 2904354 a multiple of 18?
True
Is 150388 a multiple of 7?
True
Is 62 a factor of 490322?
False
Is 8113740 a multiple of 10?
True
Is 9 a factor of 1637292?
False
Does 489 divide 521274?
True
Is 130 a factor of 135944?
False
Does 19 divide 849602?
False
Is 6920 a multiple of 12?
False
Does 306 divide 306918?
True
Is 424 a factor of 4405784?
True
Is 3467895 a multiple of 705?
True
Is 159 a factor of 166326?
False
Does 296 divide 348326?
False
Is 41 a factor of 893759?
True
Is 3236059 a multiple of 625?
False
Does 118 divide 12003306?
False
Does 21 divide 4622150?
False
Is 10 a factor of 42990?
True
Is 9628927 a multiple of 11?
True
Is 35 a factor of 105953?
False
Is 1587752 a multiple of 30?
False
Is 17820079 a multiple of 60?
False
Is 3103515 a multiple of 464?
False
Is 552 a factor of 5897016?
True
Is 10420868 a multiple of 36?
False
Is 34 a factor of 26501?
False
Is 78756 a multiple of 158?
False
Does 181 divide 442364?
True
Does 16 divide 303824?
True
Is 246146 a multiple of 143?
False
Is 6601434 a multiple of 21?
True
Is 126977 a multiple of 261?
False
Is 1171 a factor of 5052055?
False
Is 34929 a multiple of 4?
False
Is 2 a factor of 514?
True
Is 393664 a multiple of 126?
False
Is 25873425 a multiple of 25?
True
Is 50 a factor of 132541?
False
Is 482 a factor of 2561348?
True
Is 752 a factor of 5383568?
True
Is 23 a factor of 44896?
True
Does 5 divide 2324725?
True
Is 3366225 a multiple of 135?
True
Is 29385